b**3. Calculate v(j).
7
Let d(p) = 12*p + 7. Let c(q) = 5*q + 3. Let n(h) = 5*c(h) - 2*d(h). Give n(-7).
-6
Let x(u) = u**3 + 8*u**2 - 8*u + 1. Let y(i) = 9*i - 9. Let j be y(0). Determine x(j).
-8
Let l(r) = -3*r + 1. Let k(d) = -d**3 + 4*d**2 - 3*d + 2. Suppose t + 5*f - 4 = -1, -3*f = 3*t - 9. Let h be k(t). Suppose 3*a + 4 + h = 0. Give l(a).
7
Suppose 0 = -3*r + 11 + 13. Let x(n) = 0*n + 6*n + 0 - 15 + 2*n + 8 - n**2. What is x(r)?
-7
Suppose 0 = -4*s - 5*s + 153. Suppose -3*g = 15, 0*y = -2*y + g + s. Let v(j) = j - 2*j**2 - 4*j**2 + 3*j**3 - 2*j**3 - 3. Calculate v(y).
3
Let c(g) be the second derivative of 0*g**2 + 1/120*g**5 - g + 0 + 0*g**3 + 1/360*g**6 - 1/4*g**4. Let s(y) be the third derivative of c(y). What is s(-1)?
-1
Let u(y) = 407 - 1235 + 412 + 2*y + 412. Determine u(1).
-2
Let u(h) be the first derivative of -h**3/3 + 3*h**2 - 5*h - 9. Suppose 14*d = 9*d + 70. Suppose 5*c - 16 - d = 0. What is u(c)?
-5
Suppose -3*u + 18 = -4*r, 5*r + 6 + 9 = 0. Suppose 0 = m, 2*z = u*m - 2 + 12. Let o(h) = h**3 - 3*h**2 - 8*h + 5. Determine o(z).
15
Let c(m) = 11*m**2 - 3*m - 14. Let q(k) = 20*k**2 - 8*k - 26. Let a(z) = -11*c(z) + 6*q(z). Determine a(-16).
-18
Let k(u) = 5*u + 2. Let b(c) = 11*c + 3. Let h(l) = 2*b(l) - 5*k(l). Suppose -m - 6 = 5*d + 12, -d = -3*m - 6. Calculate h(m).
5
Let h be (15 - 8 - 8) + -1 + -1. Let p be h - (0 + -13 + 5). Let o(q) = -q**2 + 4*q. Calculate o(p).
-5
Let p(s) be the third derivative of s**6/120 + 11*s**5/60 - s**4/24 - 3*s**3/2 - 26*s**2. Determine p(-11).
2
Let j(k) = -2*k**2 - 5*k - 4. Suppose -2*w = 10, -32 = 2*t + 3*w + w. Let n = -9 - t. What is j(n)?
-7
Suppose x - 102 = -2*x. Let z(g) = 2*g - 1. Let f(i) = 11*i - 6. Let w(v) = x*z(v) - 6*f(v). Let h be -7 - -1 - (20 + -30). What is w(h)?
10
Let v(h) = h**2 - 4*h + 5. Let p(u) = -u - 16. Let z(r) = 2*r + 33. Suppose -19 - 9 = 4*s. Let o(t) = s*p(t) - 3*z(t). Let i be o(-9). What is v(i)?
5
Let c(w) = -5*w**2 - 4*w - 3. Let b(z) = 9*z**2 + 9*z + 7. Let d(r) = -4*b(r) - 9*c(r). Let q be 15 - (-2 + 4 + -1). Suppose 0 = -5*i - 19 + q. Give d(i).
8
Suppose 4 + 0 = u + n, -4*u = 3*n - 11. Let k(y) = 30*y**3 - y**2 - y - 1. Determine k(u).
-31
Let f be 3 + -3*35/(-3). Let z = -43 + f. Let l(s) = -s - 5. What is l(z)?
0
Let b(j) be the third derivative of -1/20*j**5 + 0*j + 3*j**2 + 1/6*j**3 + 1/120*j**6 + 1/24*j**4 + 0. Let z = 4 + -2. What is b(z)?
-1
Let a(m) = -6*m + 28. Let y(t) = 13*t - 56. Let o(v) = -5*a(v) - 2*y(v). Give o(8).
4
Let i(m) = -4*m - 3. Let q = 39 - 28. Let u = q - 8. Let g be (-3)/(u/2*1). Determine i(g).
5
Let i(a) = -3*a**3 - 6*a**2 + 9*a - 2. Let z(w) = 13*w**3 + 24*w**2 - 36*w + 9. Let y(f) = 9*i(f) + 2*z(f). Calculate y(-7).
-14
Suppose 3*j = 3 - 9. Let f(v) = -2*v**3 - 2*v + 1. What is f(j)?
21
Let z(a) = -4*a**3 + a + 3. Let m(x) = 7*x**3 - 2*x - 7. Let t(v) = 3*m(v) + 5*z(v). What is t(0)?
-6
Suppose 3*y - 6 = 2*y. Suppose 2*z + z + y = 0. Let u(t) be the first derivative of -3*t**2/2 + 54. What is u(z)?
6
Let c(v) = v + 2. Let s = 50 - 29. Suppose -4*b = -7 - s. Calculate c(b).
9
Let t(h) = 5*h + 3. Let b be t(14). Let q(y) = 75 - b - 5*y**2 + y**3 - y + 5*y**2. Give q(0).
2
Let n(i) = -13 + 17 - i - 1. Determine n(-3).
6
Let y = 153 + -129. Suppose -4*h - 3 = -3*w + h, -2 = -2*w - h. Let n be ((-30)/y)/(w/4). Let x(v) = v. What is x(n)?
-5
Let j(m) = -4*m + 9. Let n(y) = 5*y - 10. Suppose -4*c = 14 + 2. Let u(s) = c*j(s) - 3*n(s). Suppose d - 25 = -4*d. What is u(d)?
-1
Let c(d) be the second derivative of -d**4/12 + d**3 - 5*d**2/2 - 214*d + 4. Suppose 5*b + 10 - 57 = -4*q, -21 = -3*q + b. Let j = q + -2. Give c(j).
-5
Let y(s) be the third derivative of -3*s**6/40 + s**5/60 - 14*s**2. Let x(g) = g + 6. Let q be -3*3 + (-6)/(-3). Let o be x(q). What is y(o)?
10
Let i(l) = -l**2 - 5*l + 3. Let o(q) = -4 + 2 - 3*q + 0. Let k be o(1). Determine i(k).
3
Let l(z) = 74*z**2 - 34*z**2 + 12*z - 1 - 38*z**2. Give l(-6).
-1
Let t(q) = -3*q - 3. Let k(o) = -o**3 + 3*o**2 + 6*o - 4. Let g be k(4). Suppose g*p = -5*n - 27, 9 = -p + 5*n + 21. Determine t(p).
6
Let d(h) = h**3 - 3*h**2 - 2*h - 3. Suppose -38 + 146 = 27*f. Calculate d(f).
5
Let r(a) be the first derivative of a**2 - 2*a + 1. Let l = -6 - -9. Let x(p) = -p**2 + 5*p - 4. Let q be x(l). Give r(q).
2
Let k(s) be the third derivative of -s**5/20 + s**4/24 + s**3/6 - 19*s**2 + 3. Let f be ((-1)/3)/(2/(-60)). Let q = 9 - f. What is k(q)?
-3
Let t(a) = -18*a - 85. Let x = -463 + 458. Give t(x).
5
Let d(q) = -q**3 + 7*q**2 - 6. Let z = 125 + -129. Let a be (69/(-12) + (0 - -4))*z. Give d(a).
-6
Let m(u) = -5*u - 2. Let p = 3 + -2. Let s(i) be the second derivative of -i**3/2 + i**2/2 - 10*i. Let w be s(p). Determine m(w).
8
Suppose -3*j + a = -11, 3*j + 3*a = 5*a + 13. Let v(x) be the second derivative of -x**3/2 + x**2 - 247*x. Give v(j).
-7
Let v(y) be the first derivative of 41 + 7/3*y**3 + 0*y**2 + 0*y. Give v(1).
7
Let f(o) = 9*o - 4. Let n be f(1). Let r(t) = n*t - 4*t + 0*t - 2*t + 8. Let u be 27/(-6)*8/(-6). What is r(u)?
2
Let i(l) be the second derivative of -l**5/20 - 7*l**4/12 + 2*l**3/3 + l**2 - 21*l + 2. What is i(-8)?
34
Let b(o) be the first derivative of -o**5/120 + o**4/4 - 8*o**3/3 - 1. Let d(k) be the third derivative of b(k). Determine d(0).
6
Let n(u) = 13*u + 2. Let b be n(6). Suppose -5*f + 0*f = b. Let s be ((-2)/(-3))/(f/168). Let t(r) = r**2 + 7*r - 3. Calculate t(s).
-3
Let d(l) be the second derivative of -l**4/12 - 2*l**3/3 + l**2/2 - 27*l. Give d(-3).
4
Let o(p) = p + 1. Let h = -177 - -183. Determine o(h).
7
Suppose 2*q + 6*a - 32 = 2*a, a - 23 = -3*q. Suppose 10*m = q*m + 12. Let k(i) = i**3 - 3*i**2 - 3*i - 2. Give k(m).
-11
Let o(i) = -i + 2. Let d(z) = -3*z + 5. Suppose 2*c = -0*c - 10. Let y(u) = c*o(u) + 2*d(u). Calculate y(2).
-2
Let w(m) = 34*m - 10. Let x(r) = 19*r - 1. Let s(j) = w(j) - 2*x(j). Determine s(-4).
8
Suppose 0 = a - 2*n + 9, 5*n + 0*n - 20 = 5*a. Let j(u) = a - 16*u + 9*u + 4*u + u. Suppose -2*r = r - 3. Calculate j(r).
-1
Let p(q) = -q**3 + q**2 + 3*q + 2. Let w be (-96)/18*18/(-8). Let y be (33/w)/((-2)/8). Let x = -13 - y. Determine p(x).
8
Let b(r) be the second derivative of -7/24*r**4 - 8*r - 1/2*r**2 + 1/60*r**5 - 2/3*r**3 + 0. Let w(g) be the first derivative of b(g). Determine w(7).
-4
Let s(k) = 8*k + 11. Let m(u) = 7*u + 10. Let d(q) = 7*m(q) - 6*s(q). Let j be (-1)/((-8)/(43 - 11)). Calculate d(j).
8
Let j(t) = t**3 - 8*t**2 - t + 3. Let b be 6/(-39) + 318/39. What is j(b)?
-5
Let r(d) = -d**3 - 9*d**2 - 9*d - 7. Let l(h) = 6*h - 2 - 3*h - 71*h**2 + 70*h**2 - h**3. Let s be l(2). What is r(s)?
1
Let u(l) = -5*l**3 + 3*l**2 + 15*l + 52. Let s(f) = -f**3 - f**2 + f + 7. Let p(c) = 6*s(c) - u(c). Let n be (3 + 1)/((-1)/2). What is p(n)?
-2
Suppose -114 + 99 = 5*v. Let q(m) = -2*m - 5. Let k be q(v). Let g(o) = 14*o + 1. What is g(k)?
15
Let f be (-6)/48*-4 - 1/2. Let o(k) = k + 20. Calculate o(f).
20
Let f(t) = t + 9. Let l = -2 + 4. Suppose 2*v - l - 10 = 0. Suppose v*a = 2*a. Determine f(a).
9
Let i = 14 + -11. Suppose 5*q = -i*k - 46, 5*q + 7 + 35 = -k. Let t be (-2)/q*-2*-4. Let v(u) = -5*u - 1. What is v(t)?
-11
Let m(i) = -i**3 - 9*i**2 + 24*i + 13. Let z be (22/8)/(11/(-44)). Give m(z).
-9
Let z(r) = -9 - 2*r + 7 + 4. Calculate z(0).
2
Let v(y) = y + 9. Suppose -9*m = -10*m - 3*p + 7, 3*m + 3*p = -9. What is v(m)?
1
Suppose 9 = -3*o + 27. Let h(q) be the first derivative of q**2/2 - 5*q - 69. Determine h(o).
1
Let d = 154 + -150. Suppose -5 = y, 2*a + 10 = -4*y - d. Let j(g) = -g**3 + 3*g**2 + 3*g - 4. Determine j(a).
5
Let n(c) = 3*c**2 - 4*c + 2. Let h(d) = -3*d + 5. Let s be h(4). Let g(v) = v**2 - 2*v + 1. Let b(z) = s*g(z) + 3*n(z). What is b(1)?
3
Let c be 2/(-2*(-1)/(-5)). Let d(j) be the second derivative of -j**6/360 + 3*j**4/2 - 15*j. Let v(r) be the third derivative of d(r). What is v(c)?
10
Let r(s) = 9*s + 1. Let x(u) be the third derivative of -5*u**4/12 - u**3/6 - 24*u**2. Let g(l) = 3*r(l) + 2*x(l). What is g(-2)?
-13
Let o be ((-36)/(-6) + 0)/3. Let q(p) = -9*p - 1. Give q(o).
-19
Let v(i) = -22 + 21*i - 3*i + 171*i**2 - 336*i**2 + 164*i**2. Give v(16).
10
Let o = -39 + 23. Let g = 14 + o. Let t = g + 7. Let h(y) = -y**2 + 6*y + 4. Calculate h(t).
9
Let x = -2 + 32. Let b be (-1)/6 - (-